{"id":1322,"date":"2020-12-08T18:04:58","date_gmt":"2020-12-08T17:04:58","guid":{"rendered":"https:\/\/www.l-tour.be\/events\/live-podcast-comment-adapter-nos-histoires\/"},"modified":"2020-12-08T18:15:34","modified_gmt":"2020-12-08T17:15:34","slug":"live-podcast-comment-adapter-nos-histoires","status":"publish","type":"mec-events","link":"https:\/\/www.l-tour.be\/en\/events\/live-podcast-comment-adapter-nos-histoires\/","title":{"rendered":"Live Podcast : Comment adapter nos histoires ?"},"content":{"rendered":"<p>Comment adapter nos histoires ? Comment cr\u00e9er de nouvelles histoires par et pour les femmes ? Par quels moyens physiques ? Quelles sont les solutions et les outils existants ?<\/p>\n<p>Au programme, une table ronde avec des invit\u00e9es de marque :<\/p>\n<ul>\n<li>Manon Brulard (mod\u00e9ratrice), co-fondatrice de \u00ab Hack Your Future \u00bb et organisatrice du Wikithon (RTBF \u2013 Les Grenades)<\/li>\n<li>Fatima-Zohra Ait El Ma\u00e2ti, directrice et co-fondatrice de la collective Imazi.Reine<\/li>\n<li>Marian Lens, fondatrice du L-Tour et propri\u00e9taire de la premi\u00e8re librairie lesbienne \u00e0 Bruxelles (Artemys)<\/li>\n<li>Estelle Depris, co-cr\u00e9atrice du podcast \u00ab Sans Blanc de Rien \u00bb<\/li>\n<\/ul>\n<p>Petite Rue des Brigittines 1 (1000 Bruxelles) | Max. 66 personnes | FR (LSFB sur demande) | Inscription obligatoire<\/p>\n<p><em>Plus d\u2019information pour l\u2019ensemble du programme des Journ\u00e9es du Matrimoine sur leur site : <\/em><a href=\"https:\/\/www.matrimonydays.be\/\" target=\"_blank\" rel=\"noopener noreferrer\"><em>https:\/\/www.matrimonydays.be\/<\/em><\/a><\/p>\n","protected":false},"excerpt":{"rendered":"<p>Comment adapter nos histoires ? Comment cr\u00e9er de nouvelles histoires par et pour les femmes ? Par quels moyens physiques ? Quelles sont les solutions et les outils existants ? Au programme, une table ronde avec des invit\u00e9es de marque : Manon Brulard (mod\u00e9ratrice), co-fondatrice de \u00ab Hack Your Future \u00bb et organisatrice du Wikithon&hellip;<\/p>\n","protected":false},"author":2,"featured_media":1099,"comment_status":"closed","ping_status":"closed","template":"","tags":[],"mec_category":[95],"class_list":["post-1322","mec-events","type-mec-events","status-publish","has-post-thumbnail","hentry","mec_category-conferences-en","description-off"],"yoast_head":"<!-- This site is optimized with the Yoast SEO plugin v27.4 - https:\/\/yoast.com\/product\/yoast-seo-wordpress\/ -->\n<title>Live Podcast : Comment adapter nos histoires ? - L-Tour<\/title>\n<meta name=\"robots\" content=\"index, follow, max-snippet:-1, max-image-preview:large, max-video-preview:-1\" \/>\n<link rel=\"canonical\" href=\"https:\/\/www.l-tour.be\/en\/events\/live-podcast-comment-adapter-nos-histoires\/\" \/>\n<meta property=\"og:locale\" content=\"en_US\" \/>\n<meta property=\"og:type\" content=\"article\" \/>\n<meta property=\"og:title\" content=\"Live Podcast : Comment adapter nos histoires ? - L-Tour\" \/>\n<meta property=\"og:description\" content=\"Comment adapter nos histoires ? Comment cr\u00e9er de nouvelles histoires par et pour les femmes ? Par quels moyens physiques ? Quelles sont les solutions et les outils existants ? Au programme, une table ronde avec des invit\u00e9es de marque : Manon Brulard (mod\u00e9ratrice), co-fondatrice de \u00ab Hack Your Future \u00bb et organisatrice du Wikithon&hellip;\" \/>\n<meta property=\"og:url\" content=\"https:\/\/www.l-tour.be\/en\/events\/live-podcast-comment-adapter-nos-histoires\/\" \/>\n<meta property=\"og:site_name\" content=\"L-Tour\" \/>\n<meta property=\"article:modified_time\" content=\"2020-12-08T17:15:34+00:00\" \/>\n<meta property=\"og:image\" content=\"https:\/\/www.l-tour.be\/wp-content\/uploads\/2020\/08\/journees_matrimoine_FR.jpg\" \/>\n\t<meta property=\"og:image:width\" content=\"1920\" \/>\n\t<meta property=\"og:image:height\" content=\"1005\" \/>\n\t<meta property=\"og:image:type\" content=\"image\/jpeg\" \/>\n<meta name=\"twitter:card\" content=\"summary_large_image\" \/>\n<meta name=\"twitter:label1\" content=\"Est. reading time\" \/>\n\t<meta name=\"twitter:data1\" content=\"1 minute\" \/>\n<script type=\"application\/ld+json\" class=\"yoast-schema-graph\">{\"@context\":\"https:\\\/\\\/schema.org\",\"@graph\":[{\"@type\":\"WebPage\",\"@id\":\"https:\\\/\\\/www.l-tour.be\\\/en\\\/events\\\/live-podcast-comment-adapter-nos-histoires\\\/\",\"url\":\"https:\\\/\\\/www.l-tour.be\\\/en\\\/events\\\/live-podcast-comment-adapter-nos-histoires\\\/\",\"name\":\"Live Podcast : Comment adapter nos histoires ? - L-Tour\",\"isPartOf\":{\"@id\":\"https:\\\/\\\/www.l-tour.be\\\/en\\\/#website\"},\"primaryImageOfPage\":{\"@id\":\"https:\\\/\\\/www.l-tour.be\\\/en\\\/events\\\/live-podcast-comment-adapter-nos-histoires\\\/#primaryimage\"},\"image\":{\"@id\":\"https:\\\/\\\/www.l-tour.be\\\/en\\\/events\\\/live-podcast-comment-adapter-nos-histoires\\\/#primaryimage\"},\"thumbnailUrl\":\"https:\\\/\\\/www.l-tour.be\\\/wp-content\\\/uploads\\\/2020\\\/08\\\/journees_matrimoine_FR.jpg\",\"datePublished\":\"2020-12-08T17:04:58+00:00\",\"dateModified\":\"2020-12-08T17:15:34+00:00\",\"breadcrumb\":{\"@id\":\"https:\\\/\\\/www.l-tour.be\\\/en\\\/events\\\/live-podcast-comment-adapter-nos-histoires\\\/#breadcrumb\"},\"inLanguage\":\"en-US\",\"potentialAction\":[{\"@type\":\"ReadAction\",\"target\":[\"https:\\\/\\\/www.l-tour.be\\\/en\\\/events\\\/live-podcast-comment-adapter-nos-histoires\\\/\"]}]},{\"@type\":\"ImageObject\",\"inLanguage\":\"en-US\",\"@id\":\"https:\\\/\\\/www.l-tour.be\\\/en\\\/events\\\/live-podcast-comment-adapter-nos-histoires\\\/#primaryimage\",\"url\":\"https:\\\/\\\/www.l-tour.be\\\/wp-content\\\/uploads\\\/2020\\\/08\\\/journees_matrimoine_FR.jpg\",\"contentUrl\":\"https:\\\/\\\/www.l-tour.be\\\/wp-content\\\/uploads\\\/2020\\\/08\\\/journees_matrimoine_FR.jpg\",\"width\":1920,\"height\":1005},{\"@type\":\"BreadcrumbList\",\"@id\":\"https:\\\/\\\/www.l-tour.be\\\/en\\\/events\\\/live-podcast-comment-adapter-nos-histoires\\\/#breadcrumb\",\"itemListElement\":[{\"@type\":\"ListItem\",\"position\":1,\"name\":\"Home\",\"item\":\"https:\\\/\\\/www.l-tour.be\\\/en\\\/\"},{\"@type\":\"ListItem\",\"position\":2,\"name\":\"Events\",\"item\":\"https:\\\/\\\/www.l-tour.be\\\/en\\\/events\\\/\"},{\"@type\":\"ListItem\",\"position\":3,\"name\":\"Live Podcast : Comment adapter nos histoires ?\"}]},{\"@type\":\"WebSite\",\"@id\":\"https:\\\/\\\/www.l-tour.be\\\/en\\\/#website\",\"url\":\"https:\\\/\\\/www.l-tour.be\\\/en\\\/\",\"name\":\"L-Tour\",\"description\":\"LGBTQI+ Guiding Tours in Brussels\",\"potentialAction\":[{\"@type\":\"SearchAction\",\"target\":{\"@type\":\"EntryPoint\",\"urlTemplate\":\"https:\\\/\\\/www.l-tour.be\\\/en\\\/?s={search_term_string}\"},\"query-input\":{\"@type\":\"PropertyValueSpecification\",\"valueRequired\":true,\"valueName\":\"search_term_string\"}}],\"inLanguage\":\"en-US\"}]}<\/script>\n<!-- \/ Yoast SEO plugin. -->","yoast_head_json":{"title":"Live Podcast : Comment adapter nos histoires ? - L-Tour","robots":{"index":"index","follow":"follow","max-snippet":"max-snippet:-1","max-image-preview":"max-image-preview:large","max-video-preview":"max-video-preview:-1"},"canonical":"https:\/\/www.l-tour.be\/en\/events\/live-podcast-comment-adapter-nos-histoires\/","og_locale":"en_US","og_type":"article","og_title":"Live Podcast : Comment adapter nos histoires ? - L-Tour","og_description":"Comment adapter nos histoires ? Comment cr\u00e9er de nouvelles histoires par et pour les femmes ? Par quels moyens physiques ? Quelles sont les solutions et les outils existants ? Au programme, une table ronde avec des invit\u00e9es de marque : Manon Brulard (mod\u00e9ratrice), co-fondatrice de \u00ab Hack Your Future \u00bb et organisatrice du Wikithon&hellip;","og_url":"https:\/\/www.l-tour.be\/en\/events\/live-podcast-comment-adapter-nos-histoires\/","og_site_name":"L-Tour","article_modified_time":"2020-12-08T17:15:34+00:00","og_image":[{"width":1920,"height":1005,"url":"https:\/\/www.l-tour.be\/wp-content\/uploads\/2020\/08\/journees_matrimoine_FR.jpg","type":"image\/jpeg"}],"twitter_card":"summary_large_image","twitter_misc":{"Est. reading time":"1 minute"},"schema":{"@context":"https:\/\/schema.org","@graph":[{"@type":"WebPage","@id":"https:\/\/www.l-tour.be\/en\/events\/live-podcast-comment-adapter-nos-histoires\/","url":"https:\/\/www.l-tour.be\/en\/events\/live-podcast-comment-adapter-nos-histoires\/","name":"Live Podcast : Comment adapter nos histoires ? - L-Tour","isPartOf":{"@id":"https:\/\/www.l-tour.be\/en\/#website"},"primaryImageOfPage":{"@id":"https:\/\/www.l-tour.be\/en\/events\/live-podcast-comment-adapter-nos-histoires\/#primaryimage"},"image":{"@id":"https:\/\/www.l-tour.be\/en\/events\/live-podcast-comment-adapter-nos-histoires\/#primaryimage"},"thumbnailUrl":"https:\/\/www.l-tour.be\/wp-content\/uploads\/2020\/08\/journees_matrimoine_FR.jpg","datePublished":"2020-12-08T17:04:58+00:00","dateModified":"2020-12-08T17:15:34+00:00","breadcrumb":{"@id":"https:\/\/www.l-tour.be\/en\/events\/live-podcast-comment-adapter-nos-histoires\/#breadcrumb"},"inLanguage":"en-US","potentialAction":[{"@type":"ReadAction","target":["https:\/\/www.l-tour.be\/en\/events\/live-podcast-comment-adapter-nos-histoires\/"]}]},{"@type":"ImageObject","inLanguage":"en-US","@id":"https:\/\/www.l-tour.be\/en\/events\/live-podcast-comment-adapter-nos-histoires\/#primaryimage","url":"https:\/\/www.l-tour.be\/wp-content\/uploads\/2020\/08\/journees_matrimoine_FR.jpg","contentUrl":"https:\/\/www.l-tour.be\/wp-content\/uploads\/2020\/08\/journees_matrimoine_FR.jpg","width":1920,"height":1005},{"@type":"BreadcrumbList","@id":"https:\/\/www.l-tour.be\/en\/events\/live-podcast-comment-adapter-nos-histoires\/#breadcrumb","itemListElement":[{"@type":"ListItem","position":1,"name":"Home","item":"https:\/\/www.l-tour.be\/en\/"},{"@type":"ListItem","position":2,"name":"Events","item":"https:\/\/www.l-tour.be\/en\/events\/"},{"@type":"ListItem","position":3,"name":"Live Podcast : Comment adapter nos histoires ?"}]},{"@type":"WebSite","@id":"https:\/\/www.l-tour.be\/en\/#website","url":"https:\/\/www.l-tour.be\/en\/","name":"L-Tour","description":"LGBTQI+ Guiding Tours in Brussels","potentialAction":[{"@type":"SearchAction","target":{"@type":"EntryPoint","urlTemplate":"https:\/\/www.l-tour.be\/en\/?s={search_term_string}"},"query-input":{"@type":"PropertyValueSpecification","valueRequired":true,"valueName":"search_term_string"}}],"inLanguage":"en-US"}]}},"_links":{"self":[{"href":"https:\/\/www.l-tour.be\/en\/wp-json\/wp\/v2\/mec-events\/1322","targetHints":{"allow":["GET"]}}],"collection":[{"href":"https:\/\/www.l-tour.be\/en\/wp-json\/wp\/v2\/mec-events"}],"about":[{"href":"https:\/\/www.l-tour.be\/en\/wp-json\/wp\/v2\/types\/mec-events"}],"author":[{"embeddable":true,"href":"https:\/\/www.l-tour.be\/en\/wp-json\/wp\/v2\/users\/2"}],"replies":[{"embeddable":true,"href":"https:\/\/www.l-tour.be\/en\/wp-json\/wp\/v2\/comments?post=1322"}],"wp:featuredmedia":[{"embeddable":true,"href":"https:\/\/www.l-tour.be\/en\/wp-json\/wp\/v2\/media\/1099"}],"wp:attachment":[{"href":"https:\/\/www.l-tour.be\/en\/wp-json\/wp\/v2\/media?parent=1322"}],"wp:term":[{"taxonomy":"post_tag","embeddable":true,"href":"https:\/\/www.l-tour.be\/en\/wp-json\/wp\/v2\/tags?post=1322"},{"taxonomy":"mec_category","embeddable":true,"href":"https:\/\/www.l-tour.be\/en\/wp-json\/wp\/v2\/mec_category?post=1322"}],"curies":[{"name":"wp","href":"https:\/\/api.w.org\/{rel}","templated":true}]}}

<p>Comment adapter nos histoires ? Comment créer de nouvelles histoires par et pour les femmes ? Par quels moyens physiques ? Quelles sont les solutions et les outils existants ?</p>
<p>Au programme, une table ronde avec des invitées de marque :</p>
<ul>
<li>Manon Brulard (modératrice), co-fondatrice de « Hack Your Future » et organisatrice du Wikithon (RTBF – Les Grenades)</li>
<li>Fatima-Zohra Ait El Maâti, directrice et co-fondatrice de la collective Imazi.Reine</li>
<li>Marian Lens, fondatrice du L-Tour et propriétaire de la première librairie lesbienne à Bruxelles (Artemys)</li>
<li>Estelle Depris, co-créatrice du podcast « Sans Blanc de Rien »</li>
</ul>
<p>Petite Rue des Brigittines 1 (1000 Bruxelles) | Max. 66 personnes | FR (LSFB sur demande) | Inscription obligatoire</p>
<p><em>Plus d’information pour l’ensemble du programme des Journées du Matrimoine sur leur site : </em><a href="https://www.matrimonydays.be/" target="_blank" rel="noopener noreferrer"><em>https://www.matrimonydays.be/</em></a></p>

<p>Comment adapter nos histoires ? Comment créer de nouvelles histoires par et pour les femmes ? Par quels moyens physiques ? Quelles sont les solutions et les outils existants ? Au programme, une table ronde avec des invitées de marque : Manon Brulard (modératrice), co-fondatrice de « Hack Your Future » et organisatrice du Wikithon&hellip;</p>

<!-- This site is optimized with the Yoast SEO plugin v27.4 - https://yoast.com/product/yoast-seo-wordpress/ -->
<title>Live Podcast : Comment adapter nos histoires ? - L-Tour</title>
<meta name="robots" content="index, follow, max-snippet:-1, max-image-preview:large, max-video-preview:-1" />
<link rel="canonical" href="https://www.l-tour.be/en/events/live-podcast-comment-adapter-nos-histoires/" />
<meta property="og:locale" content="en_US" />
<meta property="og:type" content="article" />
<meta property="og:title" content="Live Podcast : Comment adapter nos histoires ? - L-Tour" />
<meta property="og:description" content="Comment adapter nos histoires ? Comment créer de nouvelles histoires par et pour les femmes ? Par quels moyens physiques ? Quelles sont les solutions et les outils existants ? Au programme, une table ronde avec des invitées de marque : Manon Brulard (modératrice), co-fondatrice de « Hack Your Future » et organisatrice du Wikithon&hellip;" />
<meta property="og:url" content="https://www.l-tour.be/en/events/live-podcast-comment-adapter-nos-histoires/" />
<meta property="og:site_name" content="L-Tour" />
<meta property="article:modified_time" content="2020-12-08T17:15:34+00:00" />
<meta property="og:image" content="https://www.l-tour.be/wp-content/uploads/2020/08/journees_matrimoine_FR.jpg" />
	<meta property="og:image:width" content="1920" />
	<meta property="og:image:height" content="1005" />
	<meta property="og:image:type" content="image/jpeg" />
<meta name="twitter:card" content="summary_large_image" />
<meta name="twitter:label1" content="Est. reading time" />
	<meta name="twitter:data1" content="1 minute" />
<script type="application/ld+json" class="yoast-schema-graph">{"@context":"https:\/\/schema.org","@graph":[{"@type":"WebPage","@id":"https:\/\/www.l-tour.be\/en\/events\/live-podcast-comment-adapter-nos-histoires\/","url":"https:\/\/www.l-tour.be\/en\/events\/live-podcast-comment-adapter-nos-histoires\/","name":"Live Podcast : Comment adapter nos histoires ? - L-Tour","isPartOf":{"@id":"https:\/\/www.l-tour.be\/en\/#website"},"primaryImageOfPage":{"@id":"https:\/\/www.l-tour.be\/en\/events\/live-podcast-comment-adapter-nos-histoires\/#primaryimage"},"image":{"@id":"https:\/\/www.l-tour.be\/en\/events\/live-podcast-comment-adapter-nos-histoires\/#primaryimage"},"thumbnailUrl":"https:\/\/www.l-tour.be\/wp-content\/uploads\/2020\/08\/journees_matrimoine_FR.jpg","datePublished":"2020-12-08T17:04:58+00:00","dateModified":"2020-12-08T17:15:34+00:00","breadcrumb":{"@id":"https:\/\/www.l-tour.be\/en\/events\/live-podcast-comment-adapter-nos-histoires\/#breadcrumb"},"inLanguage":"en-US","potentialAction":[{"@type":"ReadAction","target":["https:\/\/www.l-tour.be\/en\/events\/live-podcast-comment-adapter-nos-histoires\/"]}]},{"@type":"ImageObject","inLanguage":"en-US","@id":"https:\/\/www.l-tour.be\/en\/events\/live-podcast-comment-adapter-nos-histoires\/#primaryimage","url":"https:\/\/www.l-tour.be\/wp-content\/uploads\/2020\/08\/journees_matrimoine_FR.jpg","contentUrl":"https:\/\/www.l-tour.be\/wp-content\/uploads\/2020\/08\/journees_matrimoine_FR.jpg","width":1920,"height":1005},{"@type":"BreadcrumbList","@id":"https:\/\/www.l-tour.be\/en\/events\/live-podcast-comment-adapter-nos-histoires\/#breadcrumb","itemListElement":[{"@type":"ListItem","position":1,"name":"Home","item":"https:\/\/www.l-tour.be\/en\/"},{"@type":"ListItem","position":2,"name":"Events","item":"https:\/\/www.l-tour.be\/en\/events\/"},{"@type":"ListItem","position":3,"name":"Live Podcast : Comment adapter nos histoires ?"}]},{"@type":"WebSite","@id":"https:\/\/www.l-tour.be\/en\/#website","url":"https:\/\/www.l-tour.be\/en\/","name":"L-Tour","description":"LGBTQI+ Guiding Tours in Brussels","potentialAction":[{"@type":"SearchAction","target":{"@type":"EntryPoint","urlTemplate":"https:\/\/www.l-tour.be\/en\/?s={search_term_string}"},"query-input":{"@type":"PropertyValueSpecification","valueRequired":true,"valueName":"search_term_string"}}],"inLanguage":"en-US"}]}</script>
<!-- / Yoast SEO plugin. -->

Comment adapter nos histoires ? Comment créer de nouvelles histoires par et pour les femmes ? Par quels moyens physiques ? Quelles sont les solutions et les outils existants ? Au programme, une table ronde avec des invitées de marque : Manon Brulard (modératrice), co-fondatrice de « Hack Your Future » et organisatrice du Wikithon&hellip;
